e tens digit of a(q)?
1
Let j = -81 - -125. Suppose -6 - j = -5*k - 4*s, 2*s - 10 = 0. What is the units digit of k?
6
Let n be (-8)/32 + 3/(-4). What is the units digit of 1 - (-20)/(n - -3)?
1
Suppose 5*m - 3*m + 2 = 0. What is the units digit of ((-40)/28)/(m/7)?
0
Suppose -5*r + 3*w + 55 = 0, -3*r + w - 1 = 6*w. Let s = r - 3. Suppose 2*j - s = -3*j. What is the units digit of j?
1
Suppose 4*i + 4*l - 44 = 0, 2*i = 2*l + l + 47. Suppose w - 5*w - i = 0. Let t = 8 + w. What is the units digit of t?
4
Let q = -116 + 183. What is the units digit of q?
7
Suppose 4*g = -t + 105, -4*t - 3*g = -0*g - 355. What is the units digit of t?
5
Let i = 49 + -17. What is the tens digit of i?
3
Let h(u) = -u**3 - 4*u**2 + 7*u - 2. Let o be h(-6). Suppose 0*d + o = d. What is the units digit of d?
8
Suppose -4*k + 13 = 5. Suppose 0 = -b + 2*b - k. What is the units digit of (-7)/(0 + b + -3)?
7
Let s = 27 - 42. Suppose 2*f + 6 = -8. Let p = f - s. What is the units digit of p?
8
Let o(d) = 2*d + 4. Let b = -8 - -11. Let g be o(b). Suppose -5*a + 30 = -g. What is the units digit of a?
8
Suppose 0*k + 4*k + s + 22 = 0, -3*s - 12 = 3*k. What is the units digit of (-21)/(-14)*(-16)/k?
4
Let p = 19 - 11. What is the units digit of p?
8
Suppose -5*v = -1272 + 262. What is the units digit of v?
2
Let k = 15 + -7. Suppose 3 = 3*m + 3*h, -2*m - 4*h = -0*m - k. What is the units digit of (1 + 5/(-2))*m?
3
Let m(n) = -47*n**3 - n. Let l be m(-1). Let j = l - 26. What is the tens digit of j?
2
Suppose -4 = y + y, k - 5 = y. Suppose -k*n = 5*p - 38, 4*n + 2*p = 33 + 27. What is the units digit of n?
6
Let c = -86 + 50. What is the tens digit of 204/5 + c/45?
4
Let q = 1 + 7. What is the units digit of q?
8
Let v(o) = -o**3 - 12*o**2 - 14*o - 14. What is the tens digit of v(-11)?
1
Suppose -2 - 6 = -2*z. Suppose -z*x + 17 + 7 = 0. What is the units digit of x?
6
Let t(l) = l**2 - 6*l - 9. Let g be t(8). Let a = g - -6. What is the tens digit of a?
1
Suppose -6*u = -2*u - 8. Let q = -19 + 29. Let y = q + u. What is the units digit of y?
2
Suppose -12 = -4*f + 52. What is the units digit of f?
6
Let g = 28 + -19. What is the units digit of 0/4 + 3*g?
7
Let z(t) be the third derivative of 0*t + 0 - 2*t**2 - 5/6*t**3 + 1/60*t**5 - 1/12*t**4. What is the units digit of z(5)?
0
What is the tens digit of ((-10)/3)/(((-56)/204)/7)?
8
Let f(p) = -p**3 - p**2 + 5. Let c be f(0). Let i(q) = 3 - q**3 - c + 3 - 4*q**2 - 4*q. What is the tens digit of i(-4)?
1
Suppose -4*k + 8 = -24. Let p = 5 - k. What is the units digit of 0 + p/((-9)/24)?
8
Let s = 2 + 0. Suppose -s = 3*i - 8. Suppose -z + 5*q = -3, -2*q + 3*q + 15 = i*z. What is the units digit of z?
8
Let s(k) = k**3 + k - 15. Suppose 0 = 7*y - 3*y. Let p be s(y). What is the units digit of (-1)/(p/(-9) + -2)?
3
Suppose -2*w - 2*m + 3*m = -2, -2 = -2*w - 4*m. Let q(c) = c**2 + 1 - c - w - 2*c + 5. What is the units digit of q(6)?
3
Let r(b) be the second derivative of b**6/180 - b**5/40 + b**4/8 + b**3/3 - 4*b. Let p(t) be the second derivative of r(t). What is the tens digit of p(3)?
1
Let m(r) be the third derivative of -r**5/60 - r**4/24 + 5*r**3/2 + 3*r**2. What is the units digit of m(0)?
5
Let s(j) = -j**3 + 2*j**2 + 6*j + 1. What is the units digit of s(-3)?
8
Suppose 20 = o - 4*l, -4*o = -3*l + 11 - 39. Suppose -o*k = -23 - 25. What is the units digit of k?
2
Suppose -135 = 2*z + 3*z. Let w be 6/z - (-74)/9. Suppose 3*t - 7 - w = 0. What is the units digit of t?
5
Suppose 4*a = -3*o + a + 132, -2*o = -4*a - 94. What is the tens digit of o?
4
Let p be (-2)/2*(-1 + -4). Let l = 5 - p. Suppose -4*q + 20 = l, 0*j - j - 9 = -4*q. What is the tens digit of j?
1
Let x(b) = -15*b + 8. What is the units digit of x(-6)?
8
Let f = -2 + 4. Suppose -f*u + 6 = -5*x + x, -10 = -5*u + 5*x. What is the units digit of u?
1
Suppose 4*c + 148 = 6*c. Let f be c*3/(-12)*2. Let v = 59 + f. What is the tens digit of v?
2
Suppose -4*w - d + 134 = -3*d, -d - 5 = 0. What is the units digit of w?
1
Let j = 72 + -74. Let s(w) be the first derivative of w**4/4 + w**3 - w**2/2 + w - 1. What is the units digit of s(j)?
7
Let i = 84 + -45. What is the tens digit of i?
3
Let v(x) = -3*x + 3. What is the units digit of v(-5)?
8
Suppose -b = 4*i - 17, -2*b - b - i = -40. What is the units digit of b?
3
Let u = -1 - 3. Let g = -1 - u. Suppose g*i - 12 = i. What is the units digit of i?
6
Suppose 5*w + 2*j = 42, 14 = w + 2*j + 4. Suppose w = -3*f - 4. Let n(y) = y**2 + y - 2. What is the tens digit of n(f)?
1
Let g = -115 + 140. What is the units digit of g?
5
Let n = 214 - 131. What is the tens digit of n?
8
Let x = -5 + 3. Let t = x + 5. What is the units digit of (-3)/(-2)*(t + 3)?
9
Let s(p) = p**2 - 2*p - 6. Let o(j) = j**2 - 2*j - 7. Let u(a) = -4*o(a) + 5*s(a). What is the units digit of u(-2)?
6
Let n(a) = 3*a. Suppose -s + 1 = -1. Suppose s*p = 5*x - 21, -4*p = -x - x + 18. What is the units digit of n(x)?
9
Suppose -4*r + 8 = -0*r. Suppose g = -r*d + 3, -4*d = -7*g + 2*g + 15. Suppose 1 = 4*q - g. What is the units digit of q?
1
Suppose 2*f - q = -9, 0 = -5*f - 4*q - 6 - 36. Let y = -2 - -3. What is the units digit of y/((4/f)/(-2))?
3
Let j = -59 + 84. What is the units digit of j?
5
Let b = 17 - 11. Suppose -4*w - 2 = -b*w. Suppose 3*r - 4*v - w = 1, v = 4*r - 20. What is the units digit of r?
6
Suppose -2*a - 2*m = -74, -2*a + 5*m + 0*m = -53. Suppose -3*r + 6*r + 5*k = 134, k = r - a. What is the units digit of r?
8
Suppose 2*d - 2*y + 8 = 0, y + 8 = -5*d + 4*d. Let v be (-4)/d + (-7)/(-3). Suppose -a - i + 6*i = 10, v*i - 14 = -a. What is the units digit of a?
5
Let w(i) = i**2 - 7*i + 8. Let z be w(6). Suppose z*y = -4*g - 0 + 64, 0 = -2*y + 2*g + 52. What is the tens digit of y?
2
Let x = 3 + 0. What is the units digit of x?
3
Suppose 0*i = -5*i + 25. Suppose 2*n = i*n - 90. What is the tens digit of n?
3
Let d = -7 - -9. Let y(b) = 2*b**2 - 3*b. Let n be y(d). Suppose n*z - 33 = -z. What is the units digit of z?
1
Suppose -114 = r - 4*r. What is the tens digit of r?
3
Suppose -n - 5*q = -85 - 62, 0 = -5*n - 4*q + 693. What is the tens digit of n?
3
Let r(m) = m**3 + 2*m - 1 + 0 - 3 - 4*m**2 + 3*m. Let f be r(3). Suppose f*h + 11 = 31. What is the units digit of h?
0
Let g be 2 + -1 + 1 - -4. Let v = 3 - g. What is the units digit of (-22)/v - 10/(-15)?
8
Let u = -9 - -17. Suppose -u = -4*w + 2*w + 2*h, 0 = -5*w - h + 20. Suppose 5*f - 21 = -c, -w*f + 41 + 1 = 2*c. What is the units digit of c?
1
Let m(w) = -w + 2. Let y be m(-4). Suppose 0 = y*q - q - 15. Suppose q*i - 8 = i. What is the units digit of i?
4
Suppose -4 = -4*g + 8. Suppose -2*h = 2*h - 12. Suppose -2*t = -g - h. What is the units digit of t?
3
Suppose 2*p = 5*p - 3. What is the units digit of (-4)/p*(-3)/4?
3
Suppose u = -4*u - 3*o + 755, 604 = 4*u - 2*o. What is the units digit of u?
1
Suppose 0 = -3*p + p + 44. What is the units digit of p?
2
Suppose 2*h = -0*h. Suppose -q - 3*q + 48 = h. What is the tens digit of q?
1
Let u be 2 + (-2)/(-1) + 0. Let k be (-44)/(-16) - (-1)/u. Suppose d - 4 = -4*r + 3*d, -d - k = -3*r. What is the units digit of r?
1
Let m(o) be the second derivative of o**5/60 - o**4/4 - o**2 + 2*o. Let f(x) be the first derivative of m(x). What is the units digit of f(7)?
7
Suppose 0*a - 2*a = 5*r - 90, -a + r + 52 = 0. What is the tens digit of a?
5
Let c be 3 + -1 + (-5 - -39). Let l be 1 + c - 4/2. Suppose -5*d = 5*m - l, -28 = 3*d - 8*d + 2*m. What is the units digit of d?
6
Let r be (-8)/12 - 4/3. Let h = -2 - r. Suppose 6 - 20 = -5*j - m, h = -j + m - 2. What is the units digit of j?
2
Let w(l) be the second derivative of l**5/20 + l**3/6 + 4*l. Let t be w(0). Suppose -4*q + t = -12. What is the units digit of q?
3
Let x be (18/(-4))/((-27)/(-36)). Let r = x - -10. What is the units digit of r?
4
Let a(o) = o**2 - 8. Let z be (2 - 4 - 6) + 2. What is the units digit of a(z)?
8
Let t(r) = 28*r**2. Let p be ((-13)/26)/(2/(-4)). What is the units digit of t(p)?
8
Let k = -113 + 208. What is the tens digit of k?
9
Let w = -9 - -11. Suppose -19 = -5*r - t, 4*r + w*t - 28 = -2*t. What is the units digit of r?
3
Suppose 0 = 5*g - 45 + 5. Let r(f) be the first derivative of f**2 - 8*f - 6. What is the units digit of r(g)?
8
Let i = 466 - 307. What is th